+ (3 - 3 - -4))
2
What is 0 + -5 + 2 + -1 - 1?
-5
What is -2 - (5 + -4 + 2)?
-5
What is (-7 + 10 - (1 - 1)) + -1?
2
Evaluate -1 - -2 - (-9 + 5).
5
What is -3 - (-9 + 21 + -9)?
-6
What is -8 + -5 + (-1 - -8) - -15?
9
Calculate 2 - (1 - 2 - 3) - 2.
4
What is the value of -2 - (-10 + 8 + 6)?
-6
What is the value of (-3 - 4) + 13 + -7 - -9?
8
Evaluate (262 - 255) + -10 + 1.
-2
Evaluate 5 + (-8 - -4) - (5 - -2).
-6
What is -14 - 4 - (11 - 24)?
-5
What is the value of -6 - (5 + -4) - -5?
-2
-1 + -1 + 2 - 1
-1
-2 - (3 + -4 + -2 + 3)
-2
What is the value of 1 - (3 - 0) - (-1 - -1)?
-2
Calculate 0 - (3 - (0 - (7 + -4))).
-6
Calculate 8 + -4 - (5 - 0 - 0).
-1
Evaluate 10 + -9 - -4 - 1.
4
Evaluate -3 + -4 + (3 - 3 - -2).
-5
Calculate 1 - 18 - (-14 + 1).
-4
Evaluate (-2 - -7) + -1 + 0 + 2.
6
What is the value of -3 + 5 + -6 + 10?
6
Calculate 3 + 3 + (-1 - (1 + 1)).
3
What is -19 + 19 + 0 + 5 + 2?
7
What is (-1 - (-5 + 0)) + -3?
1
What is 2 + -1 + 4 - 3?
2
What is the value of (10 - (-2 - 1)) + -17?
-4
Evaluate -22 + 17 + (0 - -10).
5
Calculate 4 - ((0 - -4) + (-7 - -9)).
-2
What is the value of (2 - (4 - -4)) + 0 + 1?
-5
What is the value of 6 - (4 + 5 + 4 + -8)?
1
What is 5 - (1 + -5 - (0 + -8))?
1
Calculate (-6 - (-16 + 10)) + 5.
5
What is the value of (-5 - -1) + 4 - (-4 + 3)?
1
12 + -11 + 13 + -9
5
What is -18 - (1 + (-12 - -7)) - -7?
-7
Evaluate (8 - -1) + (21 - 39 - -13).
4
What is the value of 2 + -5 - (3 + (-4 - -2))?
-4
Evaluate (-1 + 3 - 5) + 1 + -3.
-5
(-35 - -36) + 0 + (1 - 5)
-3
2 + 0 + 7 + -16 + 12
5
What is (1 - -3) + (6 + -15 - -6)?
1
What is 5 + (1 - (19 - 5)) + 6?
-2
What is 4 - (9 + 0 + -3)?
-2
1 + -4 + 5 - -3 - 4
1
Evaluate 2 - (-7 - -4) - 11.
-6
What is 10 + -5 - (1 - -1 - 3)?
6
Evaluate -13 + (-8 - -14) + 6.
-1
Evaluate (3 - 3) + 4 - 1.
3
Calculate (-9 - -19) + -1 + -3.
6
Evaluate 1 - 8 - (0 + -5).
-2
Calculate 3 + -5 + (-3 - -4).
-1
Calculate -3 + (5 - 8) + 1.
-5
Evaluate -5 - (-2 + 2 + -1).
-4
8 + 0 + -14 - (0 + 0)
-6
Calculate (6 + (-1 - 9) - -1) + 7.
4
What is the value of 4 - (-5 + 1) - (-22 + 37)?
-7
Calculate 5 - (-3 - (-18 - -4)).
-6
What is 5 - (-5 + 6 - 0)?
4
Calculate -1 - (-5 - 0) - 0.
4
-5 + (5 - 10) + 4
-6
What is -3 - (3 + (-3 - 3))?
0
Calculate -9 + 0 + 7 + -2.
-4
Evaluate (14 - (11 + 2)) + (0 - -1).
2
What is (8 - 6) + -1 + 0?
1
Evaluate 1 + 6 - 6 - (3 - 0).
-2
Evaluate (2 - -1) + 35 + -39.
-1
-7 + 2 - (1 - 4)
-2
Calculate (-3 - -1 - -5 - 6) + -2.
-5
Calculate -6 + 1 + -6 + 10 + -4.
-5
(2 - (-3 + 1)) + -9
-5
Calculate -8 + -1 + 4 + 2.
-3
What is 2 + (5 - (10 + -3))?
0
Calculate 0 + (-1 - -7) + -6.
0
(-12 - -12) + -4 + -2
-6
What is the value of 1 + -6 - (0 + -10)?
5
What is -5 + 2 + (-4 + 3 - -3)?
-1
Evaluate -1 - (-2 + -4) - (7 + 2).
-4
9 - (9 + -6 + 12)
-6
What is the value of (-9 - (-12 - -12)) + -2?
-11
What is the value of -26 + 27 - (2 + 2 - 0)?
-3
What is the value of 1 - 9 - -17 - 7?
2
What is 0 + -12 + 10 + 1?
-1
Evaluate -6 + 2 + (14 - 8).
2
What is -1 + -3 + -1 + 1 + 3?
-1
(3 - -2) + -4 - (3 + -1)
-1
What is -5 + (2 - 1) - (-66 + 60)?
2
Calculate -5 - (-26 + 23 - (-7 + 2)).
-7
(2 - 4) + (23 - 8 - 10)
3
What is (157 - 159) + 3 + 0?
1
Evaluate -1 - (-2 - (5 - 3)).
3
Calculate (4 - (-3 - -5 - -4)) + -2.
-4
What is the value of 2 - ((1 - -2) + 2 + -3)?
0
Evaluate -2 + (12 - (5 + -1)).
6
-5 - -20 - 8 - 14
-7
Evaluate 0 + -7 + 5 + 2.
0
7 + -3 - 2 - 0
2
What is -9 + 1 + (91 - 89)?
-6
(1 - (-14 + 4)) + -14
-3
Evaluate -4 - (-7 + 0 + -2).
5
What is (3 - 1) + -4 + 8 + -7?
-1
What is (3 + -12 - -11) + 0?
2
Evaluate -2 + (0 - 0) + (-4 - -3).
-3
(-4 - -7) + -1 + -3
-1
What is (-2 - 1 - -1) + 14 + -13?
-1
Calculate 2 - -3 - ((-2 - -1) + 3).
3
What is the value of 4 + -1 + (3 - 3 - 5)?
-2
Evaluate 10 - 14 - (-1 - 3).
0
2 + (8 - (5 + 4))
1
What is -9 - ((-4 - -6) + -5)?
-6
Evaluate -9 - (-10 + -6) - (6 + 0).
1
Evaluate -1 + -4 - -8 - 9.
-6
0 + (2 + 0 - 1)
1
(-3 - -4) + -1 + -2
-2
What is the value of 0 - (5 + 0 - 3 - -2)?
-4
What is -1 + (-3 + 4 - -3) + 3?
6
Evaluate (0 + 0 - (5 + -2)) + 0.
-3
(0 + -4 - 3) + 2 + 1
-4
Calculate 4 + -10 + (14 - -2) - 3.
7
Evaluate 0 - (-4 + (-3 - -5) + 2).
0
What is the value of 0 + (-1 - -1 - 1 - 1)?
-2
What is -3 - -2 - (3 - 7)?
3
What is -18 - -21 - (-1 - (0 + -2))?
2
What is (-1 - (1 + (2 - 2))) + 2?
0
Calculate -1 + 0 + (-15 + 9 - -2).
-5
Evaluate 5 - (-6 + 1 - -10).
0
What is (2 + -5 - (-9 + 1)) + 2?
7
Evaluate -15 - (1 + -8) - (-4 - 4).
0
Calculate (24 + -21 - (-1 + 7)) + 2.
-1
What is 6 + -1 + -6 + -1?
-2
Evaluate 3 - (1 - -1 - (-6 - -5)).
0
Evaluate 1 - -9 - (16 + -4 + -6).
4
What is -1 + 4 - (30 + -29)?
2
Calculate 0 + -2 + (3 - 4) - 1.
-4
What is the value of (2 - 5) + 5 + 2?
4
Evaluate 2 + -9 + 15 + -7.
1
(0 - 4) + 4 - -3
3
Calculate (-7 - (4 + -3 - 4)) + -2.
-6
What is the value of -1 - 1 - 8 - -3?
-7
What is the value of (-4 - -5 - -3) + (-8 - -4)?
0
1 + (3 - 8) - -2 - 1
-3
What is the value of 4 - (7 + (-8 - 2))?
7
2 + (-3 - (8 - 5))
-4
Evaluate -5 - (-5 + (-6 - -4)).
2
1 + -7 + 4 - 3
-5
Calculate (6 - 3 - 0) + -5.
-2
What is (1 - (10 - 2)) + 2 + 3?
-2
Evaluate -9 + 12 - (0 + 1).
2
Evaluate 6 + (10 - 19) - (0 + -5).
2
0 - (-2 + -4) - -3
9
1 - 7 - (-3 - 7)
4
Calculate 3 - 4 - (-15 + 12).
2
What is -4 + 5 - (4 - (6 - -2))?
5
What is the value of 0 + 2 + 8 + -15?
-5
What is -10 + 14 + -2 + 9?
11
What is the value of 16 + -1 + -1 - 8?
6
-3 - (-11 + (3 - -1))
4
1 + 0 + (10 - (4 + 8))
-1
What is the value of (-5 - (-1 + -13)) + 2?
11
What is the value of -2 - 1 - (-3 + 4 + 1)?
-5
What is (10 - -1) + (3 + -3 - 5)?
6
Calculate -4 - (4 + (-11 - 2)).
5
Calculate -2 + 2 + 2 - (16 - 11).
-3
Calculate -4 + 0 - (-2 + 3).
-5
What is 0 + -1 + (9 - 8)?
0
Calculate 9 + -6 + -2 - 0.
1
What is the value of 8 - (2 - 2 - -6)?
2
Evaluate -1 - (1 - (1 + 4)).
3
What is 7 - ((5 - 0) + -1) - -1?
4
Evaluate 2 + 2 + (-5 - 0) + 0.
-1
What is (-1 - -4) + (69 - 71)?
1
What is (-8 - -12) + 2 + -1 + -3?
2
28 + -26 - (3 + 1)
-2
Calculate -1 + 2 - ((-1 - -2) + -3).
3
Calculate (-4 + -3 - -15) + -11.
-3
What is 4 + -15 - (-1 + -1 + -2)?
-7
4 + (7 - 3) - 3
5
Calculate -8 + (1 + -5 - -8).
-4
What is -4 + -5 + 10 + 1?
2
What is the value of 0 + (1 - 1) + 8?
8
Evaluate 0 - ((2 - 2) + (9 - 11)).
2
2 + -15 + (-4 - -13)
-4
What is -5 + (-4 - -9 - (-2 + 3))?
-1
What is the value of -1 + 7 + 10 + -20?
-4
Evaluate (2 - (-3 + 4)) + 1 + -3.
-1
Calculate (-15 - (-9 - 0)) + 6 + -1.
-1
What is 4 + (-3 - (5 - 1)) + 6?
3
Calculate (-3 + 4 - (-3 - 0)) + -5.
-1
Evaluate (-8 - -13) + 2 + -4.
3
What is the value of -10 + 11 - (2 - -2)?
-3
What is the value of (9 - 9) + (1 - 0) + -3?
-2
Evaluate -11 + (3 - (0 - 3)).
-5
What is (0 + -4 + 9 - 4) + 5?
6
What is the value of 9 + 1 + -2 + -14?
-6
What is the value of -9 + -2 + 4 - -4?
-3
Evaluate (-1 + 2 - (-10 + 14)) + 1.
-2
(4 - -2) + (8 - 9)
5
(100 - 101) + (-5 - (0 - 1))
-5
Evaluate -92 + 87 + (0 - 1 - -3).
-3
Evaluate 0 - (1 + -4 + 7) - -3.
-1
What is -8 + (1 - 4 - -6)?
-5
Calculate (-2 - -8 - (33 - 25)) + -7.
-9
Calculate (19 - 14) + 3 + -5.
3
What is the value of 15 + (-5 - 13) + (1 - 1)?
-3
Evaluate -9 - (-11 - (0 + -6 + -1)).
-5
-6 + -2 + (1 - -1)
-6
(2 - (3 - 2)) + -2
-1
What is 9 - -1 - 4 - (-3 - -6)?
3
Evaluate -10 + 10 - (-2 - -3).
-1
Calculate -31 + 22 + 9 + 0.
0
-2 + 3 + (-1 - 0) + -1
-1
Evaluate -3 - (3 - -1) - -2.
-5
Calculate -2 + 9 - (0 - (-3 - 2)).
2
Calculate 11 + -14 + 11 - 10.
-2
What is the value of 10 + -1 + -6 - -1?
4
Evaluate 0 + 2 - (9 + 3 + -9).
-1
What is the value of 17 + -25 + (0 - -12)?
4
Evaluate 2 - ((-2 - -1) + -2 + 2).
3
What is the value of 1 + 1 + (-16 - (-34 + 16))?
4
Evaluate (8 + 3 - 9) + 1.
3
Evaluate -7 + (6 - 5 - -1).
-5
Evaluate 7 - 0 - (4 - 2).
5
1 + -4 + 4 + 5 + -4
2
Evaluate 0 + 1 + -5 + 4.
0
(-18 - -14) + (-1 - -2)
-3
29 + -29 - (9 - 1) - -5
-3
What is -5 - (-4 + -4) - (9 + -1)?
-5
2 - (9 - 5 - 1)
-1
What is the value of 0 - -6 - (-6 - -6)?
6
2 + (7 - -1) - 8
2
Calculate -10 + (0 - -11) - 8.
-7
What is the value of -3 + (3 - 3) + 2 + -1?
-2
What is -5 + (9 - 2 - 1)?
1
What is the value of 5 - (-5 + (2 - 0) - -6)?
2
0 - -10 - (1 - -6)
3
Calculate 5 + (-2 - 7) - -6.
2
-2 - (5 + -2 + (0 - 5))
0
Calculate 3 - (-13 + 2 - -11).
3
What is 6 + -7 + 2 + -1?
0
What is -2 - -3 - (5 + 1)?
-5
What is the value of 6 + (-4 - 3 - 0)?
-1
6 + 2 + 0 + -